e 13*i - 8*i = 15. Suppose -i*k - 2*k - 4*m - 26 = 0, -2*m = k + 10. Let n(y) = y**2 - 1. Determine n(k).
3
Let u(m) = -2*m**2 + 2*m - 3. Let z be u(2). Let a = 13 + z. Let b(s) = -2*s**2 - 4*s**2 + 3 + 0*s**2 + a*s + 5*s**2. Give b(5).
8
Let c(o) = -o**3 + 4*o**2 + 6*o - 5. Let q = -13 - -18. Suppose -p = -q*p + 16. Calculate c(p).
19
Let k be (8/(-14))/((-4)/28). Let u(c) = -5*c + 0 + 2 + 0 + k*c. Suppose -2*g - 3*w = -15, 2*w = 3*g + 4*w - 10. Calculate u(g).
2
Let w(o) = o**2 - 5*o + 3. Let t = -25 - 23. Let c = t - -52. Determine w(c).
-1
Let k(l) = -12*l + 7. Let t(a) = a - 3. Let g(f) = k(f) + 5*t(f). Calculate g(6).
-50
Let y(o) be the first derivative of o**2 + o - 5. Let k = 82 - 77. Give y(k).
11
Let j(v) = v**2 - v. Let k(l) = 3*l**2 - 5*l + 3. Let t(w) = 4*j(w) - k(w). Suppose -3*g + 29 + 13 = 0. Let x be (-1 + 1)/(g/(-14)). Give t(x).
-3
Let n(c) be the third derivative of c**6/120 - 2*c**5/15 + c**3/2 - 11*c**2 - 1. Determine n(8).
3
Let m(t) = -t**3 + 7*t**2 - 4*t - 2. Let a be 104/28 + 2/7. Suppose 25 = 4*w + 5*i - a*i, -w - i + 7 = 0. Give m(w).
10
Let m(d) = -2*d**2 - 5*d + 9. Let k(z) = z**2 - z. Let u(b) = -3*k(b) - m(b). What is u(9)?
-18
Let a = 10 - 3. Let q(p) = -2*p**2 + 11*p + 12. Let s(x) = -3*x**2 + 17*x + 16. Let v(h) = -7*q(h) + 5*s(h). Calculate v(a).
3
Let g(o) be the second derivative of o**5/20 + 5*o**4/12 + o**3/2 - 2*o**2 + o. Suppose 5*i + 50 = -2*a - 15, 4*i = -5*a - 69. Let x = i + 8. Give g(x).
5
Let g = -9025 + 9022. Let l(i) = 0 + i + 7 - 1. What is l(g)?
3
Let u(v) be the second derivative of -v**5/20 - v**4/2 - v**3 - v. Let w(q) = -6*q**2 + q + 2. Let b be (-2 - -4 - 5) + (-9 - -11). Let s be w(b). Give u(s).
5
Let j(p) = p**2 + 3*p - 4. Suppose -4*z - 2*z + 12 = 0. Suppose z*t = -t - 9. What is j(t)?
-4
Let a be ((-2)/(-2))/((-14)/(-406)). Let g(z) = z - 30. Give g(a).
-1
Let r(x) be the first derivative of x**3/3 + 3*x + 4. Suppose 3*o - 10 = 5*o - 2*y, -3*y = 3*o - 15. Give r(o).
3
Let c(l) = 0*l + l**2 + 3 - 2*l**2 - 8*l + 5*l - l. Calculate c(-3).
6
Let x(l) be the third derivative of -l**5/30 - l**4/12 - l**3/6 + 139*l**2. Calculate x(2).
-13
Let w be -9*20/12 - (5 + -10). Let y(c) = -c**3 - 11*c**2 - 9*c - 5. Calculate y(w).
-15
Let q(m) = -m**3 + 21*m**2 + 23*m - 24. Let w = 1467 - 1445. Give q(w).
-2
Let g(f) be the second derivative of -19*f - 5/2*f**2 + 0 + 1/6*f**3. What is g(5)?
0
Let o(p) = 2*p + 995*p**2 + 9 + 6*p + 3 - 497*p**2 - 504*p**2 - p**3. What is o(-5)?
-53
Let r(o) = -7*o**2 + 5*o + 7. Let b(u) = -2*u + 33. Let i be b(19). Let p(c) = -11*c**2 + 8*c + 11. Let k(z) = i*p(z) + 8*r(z). Determine k(-2).
-3
Let j(g) = 5*g**2 - 10*g - 11. Let t(i) = -6*i**2 + 11*i + 13. Let f(m) = -7*j(m) - 6*t(m). What is f(-4)?
-1
Suppose 9*n = 9 + 9. Let h(k) = -5*k**2 - 4 + 3*k**n - 2*k**2 - 23*k - k**3 + 19*k. Determine h(-3).
-1
Let o(j) be the first derivative of j**3/3 - 5*j**2/2 - 7*j + 8. Let q(x) = -3*x - 1. Let i be q(1). Let m = 2 - i. Determine o(m).
-1
Let q(m) = -18*m - 37. Let v be q(-2). Let y(n) = 4*n - 2. Give y(v).
-6
Let s(r) = 12*r**2 + 9. Let z(j) = 13*j**2 + 11. Let v(c) = 6*s(c) - 5*z(c). Calculate v(-1).
6
Let s(r) = -r**2 + 3. Let w be s(0). Suppose 3*q + 42 = 3*m - 45, 0 = m + w*q - 25. Let y = m + -25. Let c(x) = x**3 - 3*x**2 - x - 2. Calculate c(y).
-5
Let v(o) = -183*o + 67. Let f(k) = -42*k + 17. Let n(s) = 9*f(s) - 2*v(s). Calculate n(6).
-53
Let j(d) = 29*d**3 - 9*d - 11. Let g(t) = -14*t**3 + 4*t + 5. Suppose -3*i - 15 = -f, -5*i - 3*f = f + 8. Let a(k) = i*j(k) - 9*g(k). Let s = 0 + 1. Give a(s).
9
Let o(i) = -22 + 2*i - 15 + 34. Let a(k) = -3*k + 4. Let n(v) = 5*a(v) + 7*o(v). Let m(s) = s + 4. Let q be m(0). Determine n(q).
-5
Suppose j - 5*g - 7 = 0, 0*j + 4*g = -j - 2. Suppose -2*p = 4*d - j, -p = -d - 0 + 5. Let x(r) = 9*r**2 - 6*r**d - 3*r + r**3 + r - 2. Calculate x(-2).
6
Let l be (-5)/15 + (-46)/6. Let p = 11 + l. Let c(v) = 0 + 24*v**p + 4 - 25*v**3. What is c(0)?
4
Suppose -38 = -3*q + 37. Let z(o) = -q + 16*o + 56 - 3*o - 29. Determine z(2).
28
Let o(f) = -367*f**2 + 4 + 175*f**2 + 6*f + 189*f**2. Give o(3).
-5
Let x(o) = 7*o**2 - 13*o + 2. Let g(t) = -12*t**2 + 25*t - 3. Let n(s) = -4*g(s) - 7*x(s). Let w = -6 + 0. Determine n(w).
16
Let l(u) = 3 - u**3 + 2 - 4. Let n = 0 - -2. Suppose 3 = -n*h + 1. Give l(h).
2
Suppose -5*j + 29 = -4*r + 8*r, -4*j + 3*r + 17 = 0. Suppose -386 = -j*b - 71. Let y be 1/(b/15 + -4). Let l(v) = v**2 - 3*v - 7. What is l(y)?
3
Let u(s) = s + 6. Suppose 423 = -2*q - 45*q. What is u(q)?
-3
Let c(g) = -8*g**3 - g**2 - g - 1. Suppose 15*y - y = -1456. Let a = y - -103. Give c(a).
7
Let z(b) be the third derivative of b**4/4 - 8*b**3/3 - 3*b**2 - 9*b. Determine z(3).
2
Let z(p) = p**3 - 3*p**2 - p - 1. Let h(o) = 3*o**3 - 5*o**2 - o - 3. Let t(d) = -2*h(d) + 5*z(d). Give t(-4).
-3
Let j(k) be the second derivative of -k**6/180 + k**5/30 - k**4/8 - 4*k**3/3 + 5*k. Let f(a) be the second derivative of j(a). Calculate f(3).
-9
Suppose 0 = 3*q - 9 + 3. Let w(u) = 2*u**2 + 3*u**q - 3 + u**3 + 2*u - 8*u**2. Give w(2).
-3
Let a(s) = s + 6. Let c be a(0). Suppose h + 7 + 3 = 4*k, -3*h + 9 = k. Let f(d) = -3*d**2 + d**h + d**2 - 2 + 8*d. Determine f(c).
10
Let p(y) be the first derivative of 13*y**2 + 336. Determine p(-1).
-26
Let u(b) = -2*b - 2109 + 5*b + 7*b + b**2 + 2115. Determine u(-9).
-3
Suppose -4*g + 3 = -13. Suppose g*x = 5*v + 15, 5*x - 4*x = -v - 3. Let d(t) = t**2 + t + 8. What is d(x)?
8
Let z(n) be the second derivative of 1/3*n**4 + 1/6*n**3 + 1/20*n**5 - 1/2*n**2 + 0 - 2*n. Give z(-4).
-5
Let w be (8 - 4)/(0 + -1). Let h(z) = -z**3 - 4*z**2 + 2*z + 2. Determine h(w).
-6
Let q(s) = 2*s**2 - 20*s - s**3 + 0 + 22*s + 1 + 1. Let x be q(3). Let n(h) = 6*h - 1. Calculate n(x).
-7
Let u be 8/(-28) - 8/(224/(-540)). Let b(j) = 2*j**2 - 2 + u*j - j**2 - 26*j + 3. Determine b(4).
-11
Let s(n) = 8*n + 34. Let c(z) = -3*z - 17. Let x(y) = -5*c(y) - 2*s(y). Determine x(16).
1
Let y(o) = -o**2 - 5*o + 6. Let j(k) be the third derivative of k**4/6 - 5*k**3/6 + 24*k**2. Let z(v) = 4*j(v) + 3*y(v). What is z(-2)?
-16
Let t = -64 + 56. Let p be 90/(-27) + 0 + t/(-6). Let a(z) = 21*z**2 - 6*z + 1. Let w(v) = -4*v**2 + v. Let h(u) = 2*a(u) + 11*w(u). What is h(p)?
-4
Let s(o) = -15*o - 31*o + o**2 + 44*o. Determine s(3).
3
Let n(b) = 11*b + 8. Let l(j) be the third derivative of 5*j**4/24 + 2*j**3/3 + 2*j**2. Let y(q) = -5*l(q) + 2*n(q). Let d = 77 - 80. What is y(d)?
5
Let a be -1*((-260)/(-5) - 5). Let s = 52 + a. Let c(r) = r + 4. Calculate c(s).
9
Let o(s) = -7 + 4 + 8*s + 3*s**2 - 5*s**2. Calculate o(3).
3
Let r = 13 - 11. Let o(m) = m**2 - m + 1. Let d(p) = 6*p**2 - 2*p + 2. Let n(v) = d(v) - 3*o(v). What is n(r)?
13
Let y(v) = 215*v - 212*v - 5 + 3*v**2 + v**3 + 5*v**2. Give y(-8).
-29
Let j be (-6)/4 - 42/28. Let d be 2/(-2) - j*1. Let y(b) = 2*b**2 + 4*b - 3. Give y(d).
13
Let o(y) = -14*y + 17. Let u(g) = -g. Let m(p) = -1 + 2*p - 1 + p + 1. Let t(d) = 6*m(d) + 13*u(d). Let v(n) = 6*o(n) + 17*t(n). Calculate v(3).
3
Let r(k) = 6*k**3 + 4*k**2 + 3*k - 4. Let v(w) = -7*w**3 - 4*w**2 - 4*w + 5. Let i(j) = -6*r(j) - 5*v(j). Suppose 2 + 2 = -x. Give i(x).
-9
Suppose 2*y - 24 = -2*b, -y + 3*b + 4 = 12. Let r(s) = -2*s**2 + 9*s + 1. Give r(y).
-34
Let j(r) = r**3 - 59*r**2 - 60*r - 8. Let a be j(60). Let b(h) = -h**3 - 9*h**2 - 3*h - 6. Calculate b(a).
-46
Let s(l) = 3*l + 2. Let w(o) = o**2 + 19*o + 12. Let r(f) = 6*s(f) - w(f). Let y be (15/10)/(6/(-8)). Give r(y).
-2
Suppose 2*f + m = f - 5, -f + 5*m + 7 = 0. Let k = 8 - 4. Let b = f + k. Let x(q) = 5*q**3 + q**2. Give x(b).
6
Let c = 352 - 352. Let y(l) be the second derivative of 7*l + 1/6*l**3 + c + 0*l**2. Give y(2).
2
Let x(r) = -3*r - 2. Let f be x(-1). Let g be (f - 0)/(6/(-24)). Let n(z) be the first derivative of z**4/4 + 5*z**3/3 + 5*z**2/2 + 2*z + 2. Calculate n(g).
-2
Let y(q) = 3*q + 1. Let h = 2119 + -2118. Give y(h).
4
Suppose 2*w + 34 = -4*r - 30, -5*w - 6 = -r. Let q be (-12)/14*r/(-2). Let g(x) = 8 - x**2 + 8*x + 2*x**3 + 8*x**2 - x**3. Determine g(q).
-4
Let u = 5 + -4. Let f(g) = -g**2 + g - 1. Let z(b) = 5*b - 5. Let y(o) = 6*f(o) - z(o). What is y(u)?
-6
Let v(w) be the third derivative of 6*w**2 + 0 - 2/3*w**3 + 1/60*w**5 + 5/24*w**4 + 0*w. Calculate 